ate the remainder when 14514 is divided by 144.
114
Calculate the remainder when 42162 is divided by 143.
120
What is the remainder when 27323 is divided by 5460?
23
What is the remainder when 15085 is divided by 3646?
501
Calculate the remainder when 192883 is divided by 64279.
46
Calculate the remainder when 987221 is divided by 136.
133
Calculate the remainder when 131060 is divided by 3.
2
Calculate the remainder when 4248 is divided by 34.
32
Calculate the remainder when 5491 is divided by 159.
85
Calculate the remainder when 1072 is divided by 511.
50
Calculate the remainder when 4478 is divided by 91.
19
Calculate the remainder when 80973 is divided by 4.
1
Calculate the remainder when 97019 is divided by 72.
35
What is the remainder when 331 is divided by 297?
34
Calculate the remainder when 4315 is divided by 312.
259
Calculate the remainder when 91587 is divided by 229.
216
Calculate the remainder when 1932 is divided by 926.
80
What is the remainder when 1805 is divided by 166?
145
What is the remainder when 19325 is divided by 1826?
1065
What is the remainder when 107995 is divided by 200?
195
What is the remainder when 54569 is divided by 13?
8
What is the remainder when 6697 is divided by 829?
65
What is the remainder when 607 is divided by 21?
19
What is the remainder when 18674 is divided by 45?
44
What is the remainder when 39090 is divided by 362?
356
Calculate the remainder when 6853 is divided by 176.
165
Calculate the remainder when 976949 is divided by 8.
5
What is the remainder when 2467 is divided by 797?
76
Calculate the remainder when 5609 is divided by 152.
137
What is the remainder when 177563 is divided by 140?
43
What is the remainder when 170 is divided by 24?
2
Calculate the remainder when 4183 is divided by 368.
135
Calculate the remainder when 4727 is divided by 688.
599
What is the remainder when 1672 is divided by 117?
34
What is the remainder when 12016 is divided by 1495?
56
Calculate the remainder when 88600 is divided by 17.
13
Calculate the remainder when 17161 is divided by 162.
151
What is the remainder when 5471 is divided by 145?
106
What is the remainder when 3437 is divided by 375?
62
What is the remainder when 3603 is divided by 3578?
25
Calculate the remainder when 23931 is divided by 37.
29
Calculate the remainder when 795 is divided by 172.
107
What is the remainder when 5089 is divided by 910?
539
What is the remainder when 51088 is divided by 7298?
2
What is the remainder when 53136 is divided by 17702?
30
Calculate the remainder when 23847 is divided by 152.
135
Calculate the remainder when 460349 is divided by 225.
224
Calculate the remainder when 265103 is divided by 1205.
3
What is the remainder when 21174 is divided by 43?
18
What is the remainder when 423 is divided by 2?
1
Calculate the remainder when 1091 is divided by 40.
11
What is the remainder when 2538 is divided by 249?
48
What is the remainder when 37733 is divided by 57?
56
Calculate the remainder when 11185 is divided by 133.
13
Calculate the remainder when 1923 is divided by 1259.
664
What is the remainder when 5706 is divided by 590?
396
Calculate the remainder when 44563 is divided by 22276.
11
Calculate the remainder when 6926 is divided by 863.
22
What is the remainder when 59102 is divided by 11?
10
Calculate the remainder when 13747 is divided by 191.
186
What is the remainder when 969147 is divided by 546?
543
What is the remainder when 113842 is divided by 578?
554
Calculate the remainder when 15025 is divided by 32.
17
What is the remainder when 19266 is divided by 75?
66
Calculate the remainder when 7733 is divided by 2567.
32
Calculate the remainder when 422236 is divided by 12795.
1
Calculate the remainder when 121027 is divided by 1360.
1347
What is the remainder when 2527 is divided by 841?
4
What is the remainder when 4683 is divided by 1551?
30
What is the remainder when 6603 is divided by 817?
67
Calculate the remainder when 99605 is divided by 3689.
2
Calculate the remainder when 21858 is divided by 142.
132
Calculate the remainder when 19227 is divided by 276.
183
What is the remainder when 35809 is divided by 35796?
13
What is the remainder when 2827 is divided by 67?
13
Calculate the remainder when 342932 is divided by 74.
16
What is the remainder when 5438 is divided by 43?
20
Calculate the remainder when 78011 is divided by 4875.
11
What is the remainder when 6504 is divided by 233?
213
What is the remainder when 31138 is divided by 276?
226
What is the remainder when 19349 is divided by 1138?
3
What is the remainder when 2200252 is divided by 14?
12
Calculate the remainder when 3444 is divided by 20.
4
What is the remainder when 139370 is divided by 71?
68
What is the remainder when 3545 is divided by 17?
9
Calculate the remainder when 758 is divided by 45.
38
Calculate the remainder when 176 is divided by 30.
26
What is the remainder when 204522 is divided by 342?
6
Calculate the remainder when 8583 is divided by 1429.
9
Calculate the remainder when 35605 is divided by 1778.
45
Calculate the remainder when 70095 is divided by 24.
15
Calculate the remainder when 42595 is divided by 105.
70
Calculate the remainder when 5829 is divided by 369.
294
What is the remainder when 6931 is divided by 1161?
1126
What is the remainder when 1438394 is divided by 78?
74
Calculate the remainder when 36967 is divided by 308.
7
Calculate the remainder when 1493279 is divided by 240.
239
Calculate the remainder when 78257 is divided by 351.
335
What is the remainder when 304163 is divided by 159?
155
What is the remainder when 289490 is divided by 144736?
18
Calculate the remainder when 9495 is divided by 25.
20
What is the remainder when 145653 is divided by 48549?
6
Calculate the remainder when 9400 is divided by 56.
48
Calculate the remainder when 11133 is divided by 371.
3
Calculate the remainder when 4576 is divided by 2271.
34
What is the remainder when 15170 is divided by 18?
14
Calculate the remainder when 584632 is divided by 7.
6
Calculate the remainder when 281044 is divided by 33.
16
What is the remainder when 170732 is divided by 56899?
35
What is the remainder when 5739 is divided by 221?
214
Calculate the remainder when 2210 is divided by 549.
14
Calculate the remainder when 596 is divided by 180.
56
What is the remainder when 2597 is divided by 383?
299
Calculate the remainder when 6305 is divided by 6220.
85
What is the remainder when 46526 is divided by 46?
20
What is the remainder when 246 is divided by 33?
15
Calculate the remainder when 21601 is divided by 21450.
151
Calculate the remainder when 11714 is divided by 44.
10
What is the remainder when 907 is divided by 90?
7
Calculate the remainder when 266764 is divided by 515.
509
What is the remainder when 17125 is divided by 422?
245
What is the remainder when 225109 is divided by 24?
13
Calculate the remainder when 5286 is divided by 1268.
214
What is the remainder when 712 is divided by 281?
150
Calculate the remainder when 15811 is divided by 32.
3
What is the remainder when 60896 is divided by 42?
38
What is the remainder when 77 is divided by 44?
33
What is the remainder when 550188 is divided by 15?
3
What is the remainder when 2040259 is divided by 516?
511
Calculate the remainder when 307837 is divided by 17.
1
What is the remainder when 1275 is divided by 736?
539
What is the remainder when 853902 is divided by 755?
752
What is the remainder when 4824 is divided by 210?
204
Calculate the remainder when 31716 is divided by 104.
100
Calculate the remainder when 42249 is divided by 21119.
11
What is the remainder when 4437 is divided by 1909?
619
Calculate the remainder when 972398 is divided by 748.
746
Calculate the remainder when 55485 is divided by 597.
561
Calculate the remainder when 12461 is divided by 62.
61
What is the remainder when 452 is divided by 294?
158
What is the remainder when 104888 is divided by 52438?
12
Calculate the remainder when 10510 is divided by 21.
10
What is the remainder when 26944 is divided by 18?
16
What is the remainder when 836285 is divided by 96?
29
What is the remainder when 7235 is divided by 2410?
5
Calculate the remainder when 4783 is divided by 44.
31
What is the remainder when 2926 is divide